{"id":1075,"date":"2024-07-02T09:00:00","date_gmt":"2024-07-02T07:00:00","guid":{"rendered":"https:\/\/www.france1million.world\/?post_type=prayer-walk&#038;p=462"},"modified":"2024-07-24T12:49:32","modified_gmt":"2024-07-24T12:49:32","slug":"26-july-12-august","status":"publish","type":"prayer-walk","link":"https:\/\/www.lovefrance.world\/fi\/prayer-walk\/26-july-12-august\/","title":{"rendered":"26. hein\u00e4kuuta - 12. ELOKUUTA"},"content":{"rendered":"<p>Osana rukoustoimiamme tuemme yhdeks\u00e4\u00e4 rukoustaloa, jotka ovat kokoontuneet rukoilemaan 24\/7 kes\u00e4kisojen aikana. Tuemme heit\u00e4 luomalla verkkosivuston ja tarjoamalla ryhmi\u00e4 tukemaan heid\u00e4n rukousty\u00f6t\u00e4\u00e4n. Jos sin\u00e4 tai seurakuntasi haluatte liitty\u00e4 t\u00e4h\u00e4n pyrkimykseen, ole hyv\u00e4 <a href=\"https:\/\/www.prayforparis.net\/fr\/prier-%C3%A0-paris\" target=\"_blank\" rel=\"noopener\">vieraile verkkosivuilla ja rekister\u00f6idy<\/a> palvontapaikkaa varten.<\/p>","protected":false},"featured_media":1100,"parent":0,"template":"","class_list":["post-1075","prayer-walk","type-prayer-walk","status-publish","has-post-thumbnail","hentry"],"acf":[],"_links":{"self":[{"href":"https:\/\/www.lovefrance.world\/fi\/wp-json\/wp\/v2\/prayer-walk\/1075","targetHints":{"allow":["GET"]}}],"collection":[{"href":"https:\/\/www.lovefrance.world\/fi\/wp-json\/wp\/v2\/prayer-walk"}],"about":[{"href":"https:\/\/www.lovefrance.world\/fi\/wp-json\/wp\/v2\/types\/prayer-walk"}],"wp:featuredmedia":[{"embeddable":true,"href":"https:\/\/www.lovefrance.world\/fi\/wp-json\/wp\/v2\/media\/1100"}],"wp:attachment":[{"href":"https:\/\/www.lovefrance.world\/fi\/wp-json\/wp\/v2\/media?parent=1075"}],"curies":[{"name":"wp","href":"https:\/\/api.w.org\/{rel}","templated":true}]}}

26. heinäkuuta - 12. ELOKUUTA

<p>Osana rukoustoimiamme tuemme yhdeksää rukoustaloa, jotka ovat kokoontuneet rukoilemaan 24/7 kesäkisojen aikana. Tuemme heitä luomalla verkkosivuston ja tarjoamalla ryhmiä tukemaan heidän rukoustyötään. Jos sinä tai seurakuntasi haluatte liittyä tähän pyrkimykseen, ole hyvä <a href="https://www.prayforparis.net/fr/prier-%C3%A0-paris" target="_blank" rel="noopener">vieraile verkkosivuilla ja rekisteröidy</a> palvontapaikkaa varten.</p>
