{"id":1664,"date":"2025-05-01T08:44:36","date_gmt":"2025-05-01T06:44:36","guid":{"rendered":"https:\/\/www.lovefrance.world\/?post_type=prayer-guide-2025&#038;p=1664"},"modified":"2025-05-01T08:44:36","modified_gmt":"2025-05-01T06:44:36","slug":"may-16-on-the-radio","status":"publish","type":"prayer-guide-2025","link":"https:\/\/www.lovefrance.world\/ne\/prayer-guide-2025\/may-16-on-the-radio\/","title":{"rendered":"May 16 \u2013 On the Radio"},"content":{"rendered":"<p><strong>M\u00e9dias Eb\u00e8ne<\/strong><\/p>\n\n\n\n<p><strong>Location: Based in Pontarlier, primarily reaching French-speaking Africa<\/strong><\/p>\n\n\n\n<p><strong>Represented by Emmanuel Ziehli<\/strong><\/p>\n\n\n\n<p><strong>Current context<\/strong><\/p>\n\n\n\n<p>We formed with the merging of Radio R\u00e9veil en France and Radios Eb\u00e8ne D\u00e9veloppement. We engage in multiple activities related to media and technology in French-speaking regions. These activities include radio broadcasting, education and training in media-related skills and the repair\/installation of FM radios in French-speaking Africa. We\u2019ve created the Forum des M\u00e9dias Chr\u00e9tiens d\u2019Afrique Francophone (FOMECAF), bringing together more than 180 African Christian media outlets, all united in a desire to act through \u201cintegral radio,\u201d advocating a holistic gospel via the media. FOMECAF covers 13 countries in French-speaking Africa, particularly hard- hit by the recent upsurge in violence.&nbsp;<\/p>\n\n\n\n<p>M\u00e9dias \u00c9b\u00e8ne concentrates its efforts in French-speaking regions worldwide. Notably, in Africa, we operate radio stations even in areas controlled by armed groups promoting intolerant Islamic ideologies. These stations survive by God\u2019s grace and act as beacons of peace and peaceful coexistence, broadcasting the Gospel, whenever possible in Mali, Niger, Burkina Faso, the Democratic Republic of Congo and North Cameroon, to name a few. Despite facing attacks and closures, there are many who stand strong, sometimes inexplicably. More generally, the worrying geopolitical situation in the sub-Saharan region and the persecution of Christians are major concerns. In 2023, 95% of Christians killed worldwide were in Africa.<\/p>\n\n\n\n<p>We have made great strides in the media and new technologies, particularly in the integration of artificial intelligence into all of our media sector but our work is not intended to replace leaders, journalists and technicians in the African media. Our contributions support the existing media infrastructure, but with an emphasis on transferring knowledge and sending technical equipment to those in need. Our aim to reshape media is inline with the theme of \u201cRegeneration.\u201d&nbsp;<\/p>\n\n\n\n<p><strong>Actions taken and results achieved in 2024<\/strong><\/p>\n\n\n\n<p>We organized 2 technical training seminars and 2 media seminars in Togo and Benin for 100 tech specialists. Around a dozen FOMECAF leaders met for a week.&nbsp;<\/p>\n\n\n\n<p><strong>Projects in 2025<\/strong><\/p>\n\n\n\n<ul class=\"wp-block-list\">\n<li>Strengthening the Christian media network in French-speaking Africa<\/li>\n\n\n\n<li>Delivery of a large stock of technical equipment for media use<\/li>\n\n\n\n<li>Several holistic gospel trainings in regions affected by violence<\/li>\n<\/ul>\n\n\n\n<p><strong>Prayer requests<\/strong><\/p>\n\n\n\n<p><strong>1.<\/strong>&nbsp;Pray for an end to violence, especially the persecution of Christians in Africa, and for the spreading of the Good News of the Kingdom of God via radio, including in jihadist zones.&nbsp;<\/p>\n\n\n\n<p><strong>2.<\/strong>&nbsp;Pray for the unity of African media outlets to address violence, migration, and health issues, while also strengthening our ministry in France with youth involvement.<\/p>\n\n\n\n<p><strong>Further information<\/strong><\/p>\n\n\n\n<p><strong>1.&nbsp;<\/strong>M\u00e9dias Eb\u00e8ne on the Impact France website:&nbsp;<a href=\"https:\/\/impactfrance.org\/ebene\/\" target=\"_blank\" rel=\"noreferrer noopener\"><strong>impactfrance.org\/ebene<\/strong><\/a><strong>&nbsp;<\/strong><\/p>\n\n\n\n<p><strong>2.&nbsp;<\/strong>M\u00e9dias Eb\u00e8ne website:&nbsp;<a href=\"http:\/\/www.mediasebene.org\/\" target=\"_blank\" rel=\"noreferrer noopener\"><strong>mediasebene.org<\/strong><\/a><\/p>\n\n\n\n<figure class=\"wp-block-image\"><img decoding=\"async\" src=\"https:\/\/prayforfrance.org\/wp-content\/uploads\/2021\/03\/Radio.png\" alt=\"\" class=\"wp-image-2321\"\/><\/figure>\n\n\n\n<p><strong>PHARE FM&nbsp;(\u201cLighthouse<\/strong>\u201d<strong>&nbsp;FM radio<\/strong><strong>&nbsp;<\/strong>)&nbsp;<\/p>\n\n\n\n<p><strong>Location: France&nbsp;<\/strong><\/p>\n\n\n\n<p><strong>Represented by Caroline Greder<\/strong><\/p>\n\n\n\n<p><strong>Current context<\/strong><\/p>\n\n\n\n<p>PHARE FM is a family-oriented radio station that provides companionship to listeners seeking meaning, values, and hope. It offers a continuous stream of contemporary Christian music, along with short educational and\/or spiritual programs, accessible via FM, DAB+, and the internet. Everything is presented in an accessible language and in a professional manner, within a context of a completely de-Christianized society.&nbsp;<em>Parole du Jour<\/em>&nbsp;(Word of the Day) is the French version of the daily meditations written by Bob and Debby Gass, distributed free of charge in booklet form and online.&nbsp;<\/p>\n\n\n\n<p>PHARE FM has operated since 1989 and has steadily expanded its broadcasting area from a small local station to a nationwide station with an audience reach of 20 million people. While initially the audience was mainly Christian, today, our program is deliberately aimed at all French people, especially families, in search of meaning and values, many of whom are far from the Church. PHARE FM can be seen as an evangelization or pre-evangelization tool which serves the French Church.<\/p>\n\n\n\n<p>The theme \u201cRegeneration\u201d echoes our vision at PHARE FM: \u201cChanging lives through the power of God\u2019s Word.\u201d Everything we do aims to provide love, faith and hope in order to bring about a profound transformation of hearts in search of meaning.<\/p>\n\n\n\n<p><em>\u201cSome time ago, I suffered severe burn-out. My situation seemed hopeless. I was totally exhausted and felt like it was just going to end. I even thought about suicide. But PHARE FM encouraged me and gave me the strength I lacked in those moments to hold on and not give up.\u201d&nbsp;<\/em><strong>Marie-Laure<\/strong><\/p>\n\n\n\n<p><em>\u201d I\u2019m a drug addict and it is difficult for me to concentrate on praying. I\u2019ve been listening to your radio for a year and a half now, and it\u2019s true that every day is a breath of fresh air. It all started by chance. I was flipping through the channels when I heard the song \u201cDieu s\u2019int\u00e9resse \u00e0 vous\u201d (God cares about you).\u201d&nbsp;<\/em><strong>Philippe<\/strong><em>.<\/em><\/p>\n\n\n\n<p><strong>Actions taken and results achieved in 2024<\/strong><\/p>\n\n\n\n<p>In 2024, PHARE FM reached a historic audience of 2 million listeners, mainly in France, but also across 139 countries! During the 2024 Olympics in Paris, we organized a week of live broadcasts from Paris including interviews with Christian athletes, segments highlighting various evangelistic actions in the Paris region. We also distributed 30,000&nbsp;<em>Word of the Day<\/em>&nbsp;brochures.<\/p>\n\n\n\n<p><strong>Projects in 2025<\/strong><\/p>\n\n\n\n<p>We will begin broadcasting in 5 new local zones (Evreux, Chartres, Laval, Belfort-Montb\u00e9liard, Mont\u00e9limar) and in the whole of Alsace. Over the next 5 years, we hope to see the size of our audience approach that of other influential radio stations, enabling us to reach more French people with a thirst for God.<\/p>\n\n\n\n<p><strong>Prayer requests<\/strong><\/p>\n\n\n\n<p>Pray that PHARE FM will offer an ever more relevant and impactful program to lead the French towards God and help them find their way towards local churches full of life.<\/p>\n\n\n\n<p><strong>Further information<\/strong><\/p>\n\n\n\n<p><strong>1.&nbsp;<\/strong>PHARE FM on the Impact France website:&nbsp;<a href=\"https:\/\/impactfrance.org\/phare-media\/\" target=\"_blank\" rel=\"noreferrer noopener\"><strong>impactfrance.org\/phare-media<\/strong><\/a><strong>&nbsp;<\/strong><\/p>\n\n\n\n<p><strong>2.&nbsp;<\/strong>PHARE FM website:&nbsp;<a href=\"https:\/\/www.pharefm.com\/\" target=\"_blank\" rel=\"noreferrer noopener\"><strong>pharefm.com<\/strong><\/a><\/p>\n\n\n\n<p><strong>3.&nbsp;<\/strong>Parole du Jour website:&nbsp;<a href=\"https:\/\/www.paroledujour.com\/\" target=\"_blank\" rel=\"noreferrer noopener\"><strong>paroledujour.com<\/strong><\/a><\/p>","protected":false},"featured_media":1646,"parent":0,"template":"","class_list":["post-1664","prayer-guide-2025","type-prayer-guide-2025","status-publish","has-post-thumbnail","hentry"],"acf":[],"_links":{"self":[{"href":"https:\/\/www.lovefrance.world\/ne\/wp-json\/wp\/v2\/prayer-guide-2025\/1664","targetHints":{"allow":["GET"]}}],"collection":[{"href":"https:\/\/www.lovefrance.world\/ne\/wp-json\/wp\/v2\/prayer-guide-2025"}],"about":[{"href":"https:\/\/www.lovefrance.world\/ne\/wp-json\/wp\/v2\/types\/prayer-guide-2025"}],"wp:featuredmedia":[{"embeddable":true,"href":"https:\/\/www.lovefrance.world\/ne\/wp-json\/wp\/v2\/media\/1646"}],"wp:attachment":[{"href":"https:\/\/www.lovefrance.world\/ne\/wp-json\/wp\/v2\/media?parent=1664"}],"curies":[{"name":"wp","href":"https:\/\/api.w.org\/{rel}","templated":true}]}}

<p><strong>Médias Ebène</strong></p>



<p><strong>Location: Based in Pontarlier, primarily reaching French-speaking Africa</strong></p>



<p><strong>Represented by Emmanuel Ziehli</strong></p>



<p><strong>Current context</strong></p>



<p>We formed with the merging of Radio Réveil en France and Radios Ebène Développement. We engage in multiple activities related to media and technology in French-speaking regions. These activities include radio broadcasting, education and training in media-related skills and the repair/installation of FM radios in French-speaking Africa. We’ve created the Forum des Médias Chrétiens d’Afrique Francophone (FOMECAF), bringing together more than 180 African Christian media outlets, all united in a desire to act through “integral radio,” advocating a holistic gospel via the media. FOMECAF covers 13 countries in French-speaking Africa, particularly hard- hit by the recent upsurge in violence.&nbsp;</p>



<p>Médias Ébène concentrates its efforts in French-speaking regions worldwide. Notably, in Africa, we operate radio stations even in areas controlled by armed groups promoting intolerant Islamic ideologies. These stations survive by God’s grace and act as beacons of peace and peaceful coexistence, broadcasting the Gospel, whenever possible in Mali, Niger, Burkina Faso, the Democratic Republic of Congo and North Cameroon, to name a few. Despite facing attacks and closures, there are many who stand strong, sometimes inexplicably. More generally, the worrying geopolitical situation in the sub-Saharan region and the persecution of Christians are major concerns. In 2023, 95% of Christians killed worldwide were in Africa.</p>



<p>We have made great strides in the media and new technologies, particularly in the integration of artificial intelligence into all of our media sector but our work is not intended to replace leaders, journalists and technicians in the African media. Our contributions support the existing media infrastructure, but with an emphasis on transferring knowledge and sending technical equipment to those in need. Our aim to reshape media is inline with the theme of “Regeneration.”&nbsp;</p>



<p><strong>Actions taken and results achieved in 2024</strong></p>



<p>We organized 2 technical training seminars and 2 media seminars in Togo and Benin for 100 tech specialists. Around a dozen FOMECAF leaders met for a week.&nbsp;</p>



<p><strong>Projects in 2025</strong></p>



<ul class="wp-block-list">
<li>Strengthening the Christian media network in French-speaking Africa</li>



<li>Delivery of a large stock of technical equipment for media use</li>



<li>Several holistic gospel trainings in regions affected by violence</li>
</ul>



<p><strong>Prayer requests</strong></p>



<p><strong>1.</strong>&nbsp;Pray for an end to violence, especially the persecution of Christians in Africa, and for the spreading of the Good News of the Kingdom of God via radio, including in jihadist zones.&nbsp;</p>



<p><strong>2.</strong>&nbsp;Pray for the unity of African media outlets to address violence, migration, and health issues, while also strengthening our ministry in France with youth involvement.</p>



<p><strong>Further information</strong></p>



<p><strong>1.&nbsp;</strong>Médias Ebène on the Impact France website:&nbsp;<a href="https://impactfrance.org/ebene/" target="_blank" rel="noreferrer noopener"><strong>impactfrance.org/ebene</strong></a><strong>&nbsp;</strong></p>



<p><strong>2.&nbsp;</strong>Médias Ebène website:&nbsp;<a href="http://www.mediasebene.org/" target="_blank" rel="noreferrer noopener"><strong>mediasebene.org</strong></a></p>



<figure class="wp-block-image"><img decoding="async" src="https://prayforfrance.org/wp-content/uploads/2021/03/Radio.png" alt="" class="wp-image-2321"/></figure>



<p><strong>PHARE FM&nbsp;(“Lighthouse</strong>”<strong>&nbsp;FM radio</strong><strong>&nbsp;</strong>)&nbsp;</p>



<p><strong>Location: France&nbsp;</strong></p>



<p><strong>Represented by Caroline Greder</strong></p>



<p><strong>Current context</strong></p>



<p>PHARE FM is a family-oriented radio station that provides companionship to listeners seeking meaning, values, and hope. It offers a continuous stream of contemporary Christian music, along with short educational and/or spiritual programs, accessible via FM, DAB+, and the internet. Everything is presented in an accessible language and in a professional manner, within a context of a completely de-Christianized society.&nbsp;<em>Parole du Jour</em>&nbsp;(Word of the Day) is the French version of the daily meditations written by Bob and Debby Gass, distributed free of charge in booklet form and online.&nbsp;</p>



<p>PHARE FM has operated since 1989 and has steadily expanded its broadcasting area from a small local station to a nationwide station with an audience reach of 20 million people. While initially the audience was mainly Christian, today, our program is deliberately aimed at all French people, especially families, in search of meaning and values, many of whom are far from the Church. PHARE FM can be seen as an evangelization or pre-evangelization tool which serves the French Church.</p>



<p>The theme “Regeneration” echoes our vision at PHARE FM: “Changing lives through the power of God’s Word.” Everything we do aims to provide love, faith and hope in order to bring about a profound transformation of hearts in search of meaning.</p>



<p><em>“Some time ago, I suffered severe burn-out. My situation seemed hopeless. I was totally exhausted and felt like it was just going to end. I even thought about suicide. But PHARE FM encouraged me and gave me the strength I lacked in those moments to hold on and not give up.”&nbsp;</em><strong>Marie-Laure</strong></p>



<p><em>” I’m a drug addict and it is difficult for me to concentrate on praying. I’ve been listening to your radio for a year and a half now, and it’s true that every day is a breath of fresh air. It all started by chance. I was flipping through the channels when I heard the song “Dieu s’intéresse à vous” (God cares about you).”&nbsp;</em><strong>Philippe</strong><em>.</em></p>



<p><strong>Actions taken and results achieved in 2024</strong></p>



<p>In 2024, PHARE FM reached a historic audience of 2 million listeners, mainly in France, but also across 139 countries! During the 2024 Olympics in Paris, we organized a week of live broadcasts from Paris including interviews with Christian athletes, segments highlighting various evangelistic actions in the Paris region. We also distributed 30,000&nbsp;<em>Word of the Day</em>&nbsp;brochures.</p>



<p><strong>Projects in 2025</strong></p>



<p>We will begin broadcasting in 5 new local zones (Evreux, Chartres, Laval, Belfort-Montbéliard, Montélimar) and in the whole of Alsace. Over the next 5 years, we hope to see the size of our audience approach that of other influential radio stations, enabling us to reach more French people with a thirst for God.</p>



<p><strong>Prayer requests</strong></p>



<p>Pray that PHARE FM will offer an ever more relevant and impactful program to lead the French towards God and help them find their way towards local churches full of life.</p>



<p><strong>Further information</strong></p>



<p><strong>1.&nbsp;</strong>PHARE FM on the Impact France website:&nbsp;<a href="https://impactfrance.org/phare-media/" target="_blank" rel="noreferrer noopener"><strong>impactfrance.org/phare-media</strong></a><strong>&nbsp;</strong></p>



<p><strong>2.&nbsp;</strong>PHARE FM website:&nbsp;<a href="https://www.pharefm.com/" target="_blank" rel="noreferrer noopener"><strong>pharefm.com</strong></a></p>



<p><strong>3.&nbsp;</strong>Parole du Jour website:&nbsp;<a href="https://www.paroledujour.com/" target="_blank" rel="noreferrer noopener"><strong>paroledujour.com</strong></a></p>
