{"id":233,"date":"2024-06-04T18:56:50","date_gmt":"2024-06-04T18:56:50","guid":{"rendered":"https:\/\/www.lovefrance.world\/?page_id=233"},"modified":"2024-06-04T19:01:24","modified_gmt":"2024-06-04T19:01:24","slug":"chariots-of-fire-clips","status":"publish","type":"page","link":"https:\/\/www.lovefrance.world\/pt\/chariots-of-fire-clips\/","title":{"rendered":"Clips de Chariots of Fire"},"content":{"rendered":"<h3 class=\"wp-block-heading has-text-align-center\"><a href=\"https:\/\/www.amazon.co.uk\/Chariots-Fire-Ben-Cross\/dp\/B00U6CD0CW\" target=\"_blank\" rel=\"noreferrer noopener\">Alugue o filme na Amazon<\/a><\/h3>\n\n\n\n<h2 class=\"wp-block-heading has-text-align-center\">Pequenas se\u00e7\u00f5es do filme:<\/h2>\n\n\n\n<figure class=\"wp-block-embed alignwide is-type-video is-provider-youtube wp-block-embed-youtube wp-embed-aspect-4-3 wp-has-aspect-ratio\"><div class=\"wp-block-embed__wrapper\">\n<iframe loading=\"lazy\" title=\"Aquele que honra a Deus\" width=\"500\" height=\"375\" src=\"https:\/\/www.youtube.com\/embed\/uwyltmUR3MU?feature=oembed\" frameborder=\"0\" allow=\"accelerometer; autoplay; clipboard-write; encrypted-media; gyroscope; picture-in-picture; web-share\" referrerpolicy=\"strict-origin-when-cross-origin\" allowfullscreen><\/iframe>\n<\/div><figcaption class=\"wp-element-caption\">A corrida e honrar a Deus\u00a0<\/figcaption><\/figure>\n\n\n\n<figure class=\"wp-block-embed alignwide is-type-video is-provider-youtube wp-block-embed-youtube wp-embed-aspect-4-3 wp-has-aspect-ratio\"><div class=\"wp-block-embed__wrapper\">\n<iframe loading=\"lazy\" title=\"levante-se e termine a corrida.avi\" width=\"500\" height=\"375\" src=\"https:\/\/www.youtube.com\/embed\/I4e5Xfmc8zQ?start=5&feature=oembed\" frameborder=\"0\" allow=\"accelerometer; autoplay; clipboard-write; encrypted-media; gyroscope; picture-in-picture; web-share\" referrerpolicy=\"strict-origin-when-cross-origin\" allowfullscreen><\/iframe>\n<\/div><figcaption class=\"wp-element-caption\">Levante-se e termine a corrida<\/figcaption><\/figure>\n\n\n\n<figure class=\"wp-block-embed alignwide is-type-video is-provider-youtube wp-block-embed-youtube wp-embed-aspect-16-9 wp-has-aspect-ratio\"><div class=\"wp-block-embed__wrapper\">\n<iframe loading=\"lazy\" title=\"Carruagens de fogo - Liddell l\u00ea Isa\u00edas 40 (aqueles que esperam no Senhor ganhar\u00e3o novas for\u00e7as)\" width=\"500\" height=\"281\" src=\"https:\/\/www.youtube.com\/embed\/bwUVbsDSTF4?feature=oembed\" frameborder=\"0\" allow=\"accelerometer; autoplay; clipboard-write; encrypted-media; gyroscope; picture-in-picture; web-share\" referrerpolicy=\"strict-origin-when-cross-origin\" allowfullscreen><\/iframe>\n<\/div><figcaption class=\"wp-element-caption\">Eric lendo Isa\u00edas 40 em 6 de julho de 1924 \u00a0\u00a0<\/figcaption><\/figure>\n\n\n\n<figure class=\"wp-block-embed alignwide is-type-video is-provider-youtube wp-block-embed-youtube wp-embed-aspect-16-9 wp-has-aspect-ratio\"><div class=\"wp-block-embed__wrapper\">\n<iframe loading=\"lazy\" title=\"Carruagens de Fogo De onde vem o poder flv\" width=\"500\" height=\"281\" src=\"https:\/\/www.youtube.com\/embed\/kbgR-pOIFbE?start=78&feature=oembed\" frameborder=\"0\" allow=\"accelerometer; autoplay; clipboard-write; encrypted-media; gyroscope; picture-in-picture; web-share\" referrerpolicy=\"strict-origin-when-cross-origin\" allowfullscreen><\/iframe>\n<\/div><figcaption class=\"wp-element-caption\">De onde vem o poder?<\/figcaption><\/figure>\n\n\n\n<figure class=\"wp-block-embed alignwide is-type-video is-provider-youtube wp-block-embed-youtube wp-embed-aspect-4-3 wp-has-aspect-ratio\"><div class=\"wp-block-embed__wrapper\">\n<iframe loading=\"lazy\" title=\"Lembra-te do dia do s\u00e1bado, para o santificar\" width=\"500\" height=\"375\" src=\"https:\/\/www.youtube.com\/embed\/GnCkEaoTR4U?feature=oembed\" frameborder=\"0\" allow=\"accelerometer; autoplay; clipboard-write; encrypted-media; gyroscope; picture-in-picture; web-share\" referrerpolicy=\"strict-origin-when-cross-origin\" allowfullscreen><\/iframe>\n<\/div><figcaption class=\"wp-element-caption\">Lembre-se de santificar o s\u00e1bado...<\/figcaption><\/figure>\n\n\n\n<figure class=\"wp-block-embed alignwide is-type-video is-provider-youtube wp-block-embed-youtube wp-embed-aspect-16-9 wp-has-aspect-ratio\"><div class=\"wp-block-embed__wrapper\">\n<iframe loading=\"lazy\" title=\"Carruagens de Fogo - Eric Liddell\" width=\"500\" height=\"281\" src=\"https:\/\/www.youtube.com\/embed\/BZ1q3__UX9g?feature=oembed\" frameborder=\"0\" allow=\"accelerometer; autoplay; clipboard-write; encrypted-media; gyroscope; picture-in-picture; web-share\" referrerpolicy=\"strict-origin-when-cross-origin\" allowfullscreen><\/iframe>\n<\/div><figcaption class=\"wp-element-caption\">A conversa de Eric com sua irm\u00e3<\/figcaption><\/figure>\n\n\n\n<figure class=\"wp-block-embed alignwide is-type-video is-provider-youtube wp-block-embed-youtube wp-embed-aspect-16-9 wp-has-aspect-ratio\"><div class=\"wp-block-embed__wrapper\">\n<iframe loading=\"lazy\" title=\"Carruagens de Fogo - Novo Trailer - Nos cinemas em 13 de julho\" width=\"500\" height=\"281\" src=\"https:\/\/www.youtube.com\/embed\/uPe27x0_W2M?feature=oembed\" frameborder=\"0\" allow=\"accelerometer; autoplay; clipboard-write; encrypted-media; gyroscope; picture-in-picture; web-share\" referrerpolicy=\"strict-origin-when-cross-origin\" allowfullscreen><\/iframe>\n<\/div><figcaption class=\"wp-element-caption\">Trailer de Carruagens de Fogo<\/figcaption><\/figure>\n\n\n\n<figure class=\"wp-block-embed alignwide is-type-video is-provider-youtube wp-block-embed-youtube wp-embed-aspect-4-3 wp-has-aspect-ratio\"><div class=\"wp-block-embed__wrapper\">\n<iframe loading=\"lazy\" title=\"A-Morte-de-Eric-Liddell\" width=\"500\" height=\"375\" src=\"https:\/\/www.youtube.com\/embed\/KL0kzagSQwY?feature=oembed\" frameborder=\"0\" allow=\"accelerometer; autoplay; clipboard-write; encrypted-media; gyroscope; picture-in-picture; web-share\" referrerpolicy=\"strict-origin-when-cross-origin\" allowfullscreen><\/iframe>\n<\/div><figcaption class=\"wp-element-caption\">Extra: A morte de Eric Liddell<\/figcaption><\/figure>","protected":false},"excerpt":{"rendered":"<p>Rent the movie from Amazon Small sections of the movie:<\/p>","protected":false},"author":1,"featured_media":237,"parent":0,"menu_order":0,"comment_status":"closed","ping_status":"closed","template":"","meta":{"_acf_changed":false,"_monsterinsights_skip_tracking":false,"_monsterinsights_sitenote_active":false,"_monsterinsights_sitenote_note":"","_monsterinsights_sitenote_category":0,"pgc_sgb_lightbox_settings":"","footnotes":""},"class_list":["post-233","page","type-page","status-publish","has-post-thumbnail","hentry"],"acf":[],"_links":{"self":[{"href":"https:\/\/www.lovefrance.world\/pt\/wp-json\/wp\/v2\/pages\/233","targetHints":{"allow":["GET"]}}],"collection":[{"href":"https:\/\/www.lovefrance.world\/pt\/wp-json\/wp\/v2\/pages"}],"about":[{"href":"https:\/\/www.lovefrance.world\/pt\/wp-json\/wp\/v2\/types\/page"}],"author":[{"embeddable":true,"href":"https:\/\/www.lovefrance.world\/pt\/wp-json\/wp\/v2\/users\/1"}],"replies":[{"embeddable":true,"href":"https:\/\/www.lovefrance.world\/pt\/wp-json\/wp\/v2\/comments?post=233"}],"version-history":[{"count":2,"href":"https:\/\/www.lovefrance.world\/pt\/wp-json\/wp\/v2\/pages\/233\/revisions"}],"predecessor-version":[{"id":235,"href":"https:\/\/www.lovefrance.world\/pt\/wp-json\/wp\/v2\/pages\/233\/revisions\/235"}],"wp:featuredmedia":[{"embeddable":true,"href":"https:\/\/www.lovefrance.world\/pt\/wp-json\/wp\/v2\/media\/237"}],"wp:attachment":[{"href":"https:\/\/www.lovefrance.world\/pt\/wp-json\/wp\/v2\/media?parent=233"}],"curies":[{"name":"wp","href":"https:\/\/api.w.org\/{rel}","templated":true}]}}

<h3 class="wp-block-heading has-text-align-center"><a href="https://www.amazon.co.uk/Chariots-Fire-Ben-Cross/dp/B00U6CD0CW" target="_blank" rel="noreferrer noopener">Alugue o filme na Amazon</a></h3>



<h2 class="wp-block-heading has-text-align-center">Pequenas seções do filme:</h2>



<figure class="wp-block-embed alignwide is-type-video is-provider-youtube wp-block-embed-youtube wp-embed-aspect-4-3 wp-has-aspect-ratio"><div class="wp-block-embed__wrapper">
<iframe loading="lazy" title="Aquele que honra a Deus" width="500" height="375" src="https://www.youtube.com/embed/uwyltmUR3MU?feature=oembed" frameborder="0" allow="accelerometer; autoplay; clipboard-write; encrypted-media; gyroscope; picture-in-picture; web-share" referrerpolicy="strict-origin-when-cross-origin" allowfullscreen></iframe>
</div><figcaption class="wp-element-caption">A corrida e honrar a Deus </figcaption></figure>



<figure class="wp-block-embed alignwide is-type-video is-provider-youtube wp-block-embed-youtube wp-embed-aspect-4-3 wp-has-aspect-ratio"><div class="wp-block-embed__wrapper">
<iframe loading="lazy" title="levante-se e termine a corrida.avi" width="500" height="375" src="https://www.youtube.com/embed/I4e5Xfmc8zQ?start=5&feature=oembed" frameborder="0" allow="accelerometer; autoplay; clipboard-write; encrypted-media; gyroscope; picture-in-picture; web-share" referrerpolicy="strict-origin-when-cross-origin" allowfullscreen></iframe>
</div><figcaption class="wp-element-caption">Levante-se e termine a corrida</figcaption></figure>



<figure class="wp-block-embed alignwide is-type-video is-provider-youtube wp-block-embed-youtube wp-embed-aspect-16-9 wp-has-aspect-ratio"><div class="wp-block-embed__wrapper">
<iframe loading="lazy" title="Carruagens de fogo - Liddell lê Isaías 40 (aqueles que esperam no Senhor ganharão novas forças)" width="500" height="281" src="https://www.youtube.com/embed/bwUVbsDSTF4?feature=oembed" frameborder="0" allow="accelerometer; autoplay; clipboard-write; encrypted-media; gyroscope; picture-in-picture; web-share" referrerpolicy="strict-origin-when-cross-origin" allowfullscreen></iframe>
</div><figcaption class="wp-element-caption">Eric lendo Isaías 40 em 6 de julho de 1924   </figcaption></figure>



<figure class="wp-block-embed alignwide is-type-video is-provider-youtube wp-block-embed-youtube wp-embed-aspect-16-9 wp-has-aspect-ratio"><div class="wp-block-embed__wrapper">
<iframe loading="lazy" title="Carruagens de Fogo De onde vem o poder flv" width="500" height="281" src="https://www.youtube.com/embed/kbgR-pOIFbE?start=78&feature=oembed" frameborder="0" allow="accelerometer; autoplay; clipboard-write; encrypted-media; gyroscope; picture-in-picture; web-share" referrerpolicy="strict-origin-when-cross-origin" allowfullscreen></iframe>
</div><figcaption class="wp-element-caption">De onde vem o poder?</figcaption></figure>



<figure class="wp-block-embed alignwide is-type-video is-provider-youtube wp-block-embed-youtube wp-embed-aspect-4-3 wp-has-aspect-ratio"><div class="wp-block-embed__wrapper">
<iframe loading="lazy" title="Lembra-te do dia do sábado, para o santificar" width="500" height="375" src="https://www.youtube.com/embed/GnCkEaoTR4U?feature=oembed" frameborder="0" allow="accelerometer; autoplay; clipboard-write; encrypted-media; gyroscope; picture-in-picture; web-share" referrerpolicy="strict-origin-when-cross-origin" allowfullscreen></iframe>
</div><figcaption class="wp-element-caption">Lembre-se de santificar o sábado...</figcaption></figure>



<figure class="wp-block-embed alignwide is-type-video is-provider-youtube wp-block-embed-youtube wp-embed-aspect-16-9 wp-has-aspect-ratio"><div class="wp-block-embed__wrapper">
<iframe loading="lazy" title="Carruagens de Fogo - Eric Liddell" width="500" height="281" src="https://www.youtube.com/embed/BZ1q3__UX9g?feature=oembed" frameborder="0" allow="accelerometer; autoplay; clipboard-write; encrypted-media; gyroscope; picture-in-picture; web-share" referrerpolicy="strict-origin-when-cross-origin" allowfullscreen></iframe>
</div><figcaption class="wp-element-caption">A conversa de Eric com sua irmã</figcaption></figure>



<figure class="wp-block-embed alignwide is-type-video is-provider-youtube wp-block-embed-youtube wp-embed-aspect-16-9 wp-has-aspect-ratio"><div class="wp-block-embed__wrapper">
<iframe loading="lazy" title="Carruagens de Fogo - Novo Trailer - Nos cinemas em 13 de julho" width="500" height="281" src="https://www.youtube.com/embed/uPe27x0_W2M?feature=oembed" frameborder="0" allow="accelerometer; autoplay; clipboard-write; encrypted-media; gyroscope; picture-in-picture; web-share" referrerpolicy="strict-origin-when-cross-origin" allowfullscreen></iframe>
</div><figcaption class="wp-element-caption">Trailer de Carruagens de Fogo</figcaption></figure>



<figure class="wp-block-embed alignwide is-type-video is-provider-youtube wp-block-embed-youtube wp-embed-aspect-4-3 wp-has-aspect-ratio"><div class="wp-block-embed__wrapper">
<iframe loading="lazy" title="A-Morte-de-Eric-Liddell" width="500" height="375" src="https://www.youtube.com/embed/KL0kzagSQwY?feature=oembed" frameborder="0" allow="accelerometer; autoplay; clipboard-write; encrypted-media; gyroscope; picture-in-picture; web-share" referrerpolicy="strict-origin-when-cross-origin" allowfullscreen></iframe>
</div><figcaption class="wp-element-caption">Extra: A morte de Eric Liddell</figcaption></figure>
